
7
Let j(r) = 2*r + 4. Suppose -2*h - 9 = h. Let t(d) = -6*d - 11. Let q(u) = h*t(u) - 8*j(u). List the prime factors of q(2).
5
Suppose 40*h - 42*h + 588 = 0. List the prime factors of h.
2, 3, 7
Let a be 492/(-20) - 4/10. What are the prime factors of 2/(-3)*-3 - a?
3
Let p be (-208)/36 + (-2)/9. Let b be ((-14)/5)/(p/30). Let k = b - 0. List the prime factors of k.
2, 7
Let k(c) = c**3 + 6*c**2 + c - 5. Let t be k(-5). Suppose 4*s - 9*s = -t. Suppose -s*w = 2*w - 20. What are the prime factors of w?
2
List the prime factors of (21 + 0)/(-1 + 2).
3, 7
Suppose -5*c + 7*s = 2*s - 60, -5*s - 51 = -4*c. Let f be 8/(-3)*c/6. List the prime factors of 6/f*66/(-9).
11
Suppose -2*s - 2 + 6 = 0. Suppose -3*c - 1 = -m, 3 = 5*c - s*m + 5*m. Suppose c = -j - j + 10. What are the prime factors of j?
5
Suppose -x - 9 = a, -2*a - 28 = 3*x + x. Let g(o) = -5*o - 2. List the prime factors of g(a).
2, 3
Let p(m) = m**3 - 2*m - 2. List the prime factors of p(3).
19
Let y(w) = -w**3 - 1 + 156*w**2 - 1 - 155*w**2. List the prime factors of y(-3).
2, 17
Suppose -3*z + 33 + 84 = 4*q, -5*q + z + 151 = 0. Let g = 17 + q. What are the prime factors of g?
47
Let s(z) be the third derivative of -5*z**4/24 - 11*z**3/3 - 8*z**2. List the prime factors of s(-12).
2, 19
Suppose 1 = 5*x + 2*t + t, 0 = -4*x - 2*t + 2. Let c be ((2 - x) + -4)/(-2). Suppose -c*k + 3*k = 4*m + 24, -4*k + 5*m + 41 = 0. List the prime factors of k.
2
Let v = -7 - -10. Let h = 5 + v. Suppose -i + 3*c = 4*i - 87, -2*c - h = 0. What are the prime factors of i?
3, 5
Let i(w) = w**2 - 4. Let n be i(5). Let x be 4/18 + 133/9. Let o = n - x. What are the prime factors of o?
2, 3
Suppose -4*z = i - 3*i - 140, -4*z = -4*i - 136. List the prime factors of z.
2, 3
Suppose y - 44 = -3*y. Let p = y + 3. List the prime factors of p.
2, 7
Let d(a) be the third derivative of -a**6/120 + a**5/6 + a**4/2 + 4*a**3/3 - 2*a**2. Let i be d(11). Suppose -3*p = 4 - i. List the prime factors of p.
5
What are the prime factors of (-3)/(12/(-584))*1/2?
73
Let p(o) = 8*o**2 - 4. List the prime factors of p(-5).
2, 7
Suppose 3 = -2*t + 7. Suppose o - 68 = -t*g, -3*g + 2*o + 120 = g. What are the prime factors of g?
2
Suppose -2*z + 3*z = 0. Suppose -r + z*r - 26 = 0. Let o = 38 + r. What are the prime factors of o?
2, 3
Suppose 0 = -0*w + 5*w - 10. Let y(b) = 2*b**2 + 1. Let p be y(w). Let v = 20 - p. What are the prime factors of v?
11
Let w be ((-13)/(-26))/(2/48). Let i = w + -5. What are the prime factors of i?
7
Let q be 20*((-64)/(-20))/2. Suppose 3*o + 32 = m, -3*o = 2*m - m - q. List the prime factors of m.
2
Let d(s) = -s**2 - 8*s - 7. Let r be d(-7). Let a be ((-2)/(-1) - 1)*r. List the prime factors of 2 + (2 - 0) + a.
2
Suppose 6*u - 2*u = 148. What are the prime factors of u?
37
Suppose 0 = 4*s - 685 - 59. List the prime factors of s.
2, 3, 31
List the prime factors of ((-8)/(-10))/(7/35).
2
Suppose 3*x + 2*o = -3*o + 257, 0 = 3*o - 3. What are the prime factors of x?
2, 3, 7
Let v be (-1)/2*(-12)/(-2). Let z = 5 + v. Suppose 0 = z*s + s - 36. What are the prime factors of s?
2, 3
Let y = 97 - 52. Suppose -a + 5 + 8 = 0. Suppose a = -4*b + y. What are the prime factors of b?
2
Let s be 24/(-9)*9/(-6). Suppose -2*k + t + 5 = 0, -k + s*t = -7 + 1. Suppose -2*b - 2*b = -3*m + 19, -m - k*b + 3 = 0. List the prime factors of m.
5
Let r be (1/(-2))/(2/384). What are the prime factors of r/(-4)*9/12?
2, 3
List the prime factors of (-51)/(-85) + 1*(-797)/(-5).
2, 5
Suppose 2*x + 4*r = -22, -27 = 2*x + r + 4*r. What are the prime factors of x/2 - (-119)/14?
2
Suppose 0*l - 40 = -4*m + 4*l, -3*m = 5*l - 38. What are the prime factors of m?
11
Let k(n) = -n + 5. List the prime factors of k(-15).
2, 5
What are the prime factors of 500/18 - 4/(-18)?
2, 7
Let w = 213 - 140. What are the prime factors of w?
73
Suppose 0 = -2*o - 3*o. Suppose 0*v - 3*v + 19 = 2*k, 5*k + 2*v - 20 = o. What are the prime factors of k?
2
What are the prime factors of (-2 + 1)/(7/(-721))?
103
Let w be 94*(-1)/(-2) + 3. Suppose 4*j = -4*q + 44, -4*j - 2*q + w = -q. What are the prime factors of j?
13
Let z(d) = 4*d**2 + 4*d. List the prime factors of z(-3).
2, 3
Suppose -90 = -0*f - 5*f + 5*a, -2*f - a = -21. What are the prime factors of f?
13
List the prime factors of ((-18)/(-45))/((-1)/(-120)).
2, 3
Suppose -27 = -3*a - 5*x, 0 = -a - a + 2*x + 18. Let f = a + -6. List the prime factors of f.
3
Let v be 1*(1 - 0) + 0. Suppose 12 - v = z - 2*k, 2*k = -z + 11. List the prime factors of z.
11
Let i(f) = -f**3 - 6*f**2 - f. What are the prime factors of i(-6)?
2, 3
Let s = 28 + -21. Suppose -s*d + 156 = -3*d. List the prime factors of d.
3, 13
Let m(i) = -11*i**3 + 2*i**2 - 1. Suppose 3*u - 5*y + 3 = 5*u, -2*y = -4*u - 6. List the prime factors of m(u).
2, 3
Let n = 8 + -13. Let j(i) = -4*i**2 - 8*i - 1. Let z(y) = -7*y**2 - 15*y - 3. Let d(h) = 5*j(h) - 3*z(h). What are the prime factors of d(n)?
2
Let c(k) = -6*k + 10. List the prime factors of c(-5).
2, 5
Suppose -2*w + 83 = -0*w + 3*t, t + 71 = 2*w. List the prime factors of w.
37
Suppose 0*v - 4*n = v + 10, -5*v + 4*n + 22 = 0. Suppose 0 = -4*w + v + 14. Suppose 40 = 2*m + 4*z, -w*m - z = -3*z - 30. List the prime factors of m.
2, 5
Suppose 3*k + 233 = 3*h - k, -h + 91 = -4*k. What are the prime factors of h?
71
Let a = 160 + -67. List the prime factors of a.
3, 31
Let y(r) = -2*r - 4. Let h = 10 - 7. Let b be y(h). Let z = b + 20. What are the prime factors of z?
2, 5
Let i(b) be the first derivative of -b**5/120 - b**3/3 - 2. Let s(a) be the third derivative of i(a). List the prime factors of s(-4).
2
Suppose 3*b = -2*s + 32, 4*b - 2*b + 3*s - 28 = 0. List the prime factors of b/3 + 3/9.
3
Let m(g) = -g**3 - 2*g**2 + g + 49. List the prime factors of m(0).
7
Let m(l) = 29*l + 12. Let p be m(6). Suppose 12 = -3*f + p. What are the prime factors of f?
2, 29
Suppose -2*x - 3*x = -4*z - 314, 5 = -5*z. List the prime factors of x.
2, 31
Let k = -2 - -2. Suppose k = -2*f - 6 + 40. List the prime factors of f.
17
Suppose -5*i + 25 = 70. Let w = i - -15. List the prime factors of w.
2, 3
Suppose 2*x = -0*x + 4. Suppose -3*t - t = x*g, -g = t. Suppose -m + 2*m - 12 = t. What are the prime factors of m?
2, 3
Let x(v) = -v. Let n be x(-4). Let f be 0/2 - (3 - n). What are the prime factors of (-1)/f*1*-6?
2, 3
Suppose -3*u = -4*a - 59, -8*a + 3*a - 73 = -3*u. What are the prime factors of (1 + a)/(12/(-12))?
13
Let g(q) = -q**3 - 5*q**2 + 6*q + 5. Let l be g(-6). Let v = 8 - l. List the prime factors of v.
3
List the prime factors of (21/3)/((-6)/(-30)).
5, 7
Let s = -7 - -20. What are the prime factors of s?
13
Let i be (-5)/10*1*2. What are the prime factors of ((-3)/(-1))/(i/(-5))?
3, 5
Let q(y) be the first derivative of y**4/24 + y**3/2 + y**2 + 2. Let c(m) be the second derivative of q(m). List the prime factors of c(7).
2, 5
What are the prime factors of (-7)/(9/12 + 17/(-20))?
2, 5, 7
Let c(p) be the third derivative of -p**5/60 + p**4/8 + p**3/2 - 2*p**2. Let h be c(3). Let w = -1 + h. What are the prime factors of w?
2
Let d be (1 + -3 - 2) + 6. List the prime factors of (-1356)/(-30) + d/(-10).
3, 5
Suppose 5*x + 20 = 0, 2*x = -2*t + 4*x + 52. List the prime factors of t.
2, 11
Suppose -4*w - 8 = 2*l, 3*w + 3 + 6 = 0. Let c be (0 - -1)*(0 + 3). Suppose -c*h = l*h - 50. What are the prime factors of h?
2, 5
Let w = 6 + -3. Suppose -w*g + 5 = -2*g. Suppose -g*s + 2*z = -2*z - 50, 0 = -3*z. What are the prime factors of s?
2, 5
Suppose 1 = -2*c - 5*h - 6, h = -4*c + 13. Let q = 9 - c. Suppose -11 + 76 = q*y. What are the prime factors of y?
13
Let b(u) be the first derivative of 4*u**3/3 - 2. List the prime factors of b(1).
2
Let n(v) be the first derivative of -v**4/4 - 4*v**3/3 + 3*v**2/2 + v + 1. What are the prime factors of n(-5)?
11
Suppose 17 = n + 4*w, 4*n - 5*w = 6*n - 19. Let p(v) = 3*v**2 - 3*v + 1. List the prime factors of p(n).
37
Let f be (-1 + -4)*(-2)/5. Suppose -f*y + 9 = -3*i, y - i = 2*i + 6. Let s = 9 - y. What are the prime factors of s?
2, 3
Suppose -4*n + 126 = 18. Let k be (-4)/((-12)/n) - 2. Suppose -3*z + k = -26. List the prime factors of z.
11
Let h(n) = n**2 - 19*n + 22. What are the prime factors of h(22)?
2, 11
Let b(c) = c**3 - 8*c**2 - 26*c + 3. List the pri